{"id":19,"date":"2023-01-12T09:33:07","date_gmt":"2023-01-12T08:33:07","guid":{"rendered":"http:\/\/djamsevents.com\/?page_id=19"},"modified":"2024-04-25T15:10:41","modified_gmt":"2024-04-25T13:10:41","slug":"presentation","status":"publish","type":"page","link":"https:\/\/djamsevents.com\/index.php\/presentation\/","title":{"rendered":"PR\u00c9SENTATION"},"content":{"rendered":"<div id=\"skt-builder-image-text-block-43\" class=\"skt-builder-block-wrapper skt-builder-image-text-block skt-builder-image-text-block-43\" style=\"background-color: #ffffff; background-image: url(); padding-bottom: 0px; padding-top: 20px; \">\r\n\t<div class=\"skt-builder-block-inner skt-builder-block-inner-43\" style=\"\">\r\n\t\t<div class=\"skt-builder-container\">\r\n\t\t\t<div class=\"skt-builder-columns-row skt-builder-columns-row-2column\">\r\n\t\t\t\t\t<div class=\"skt-builder-column\">\r\n\t\t\t\t\t\t\t<div class=\"skt-builder-column-inner\"><img decoding=\"async\" src=\"https:\/\/djamsevents.com\/wp-content\/uploads\/2024\/02\/40990DA4-E1D9-41E9-AF3C-0B0B2E694906.jpg\"><\/div>\r\n\t\t\t\t\t<\/div>\r\n\t\t\t\t\t<div class=\"skt-builder-column\">\r\n\t\t\t\t\t\t\t<div class=\"skt-builder-block-title\">\r\n\t\t\t\t\t\t\t\t<h2 style=\"color: #282828; text-align: left;\">Un DJ cr\u00e9atif \u00e0 votre \u00e9coute<\/h2>\r\n\t\t\t\t\t\t\t<\/div>\r\n\t\t\t\t\t\t\t<div class=\"skt-builder-column-inner\"><p class=\"ql-align-justify\">En cr\u00e9ant Djams Events, DJ Djams s\u2019est donn\u00e9 la mission de transformer tous vos \u00e9v\u00e9nements priv\u00e9s ou professionnels en moments d\u2019exception, en vous proposant des prestations \u00e9l\u00e9gantes et originales sur mesure. Danseur professionnel, DJ et musicien depuis plus de vingt ans, cet artiste accompli met sa cr\u00e9ativit\u00e9 et sa sensibilit\u00e9 \u00e0 votre service pour imaginer une ambiance authentique \u00e0 votre image, en r\u00e9v\u00e9lant la petite \u00e9tincelle qui rendra votre \u00e9v\u00e9nement unique et inoubliable.<\/p><p class=\"ql-align-justify\">La culture musicale pointue de DJ Djams et sa passion pour l\u2019univers du son lui permettent de vous proposer des ambiances musicales singuli\u00e8res de qualit\u00e9. A l\u2019\u00e9coute, empathique et bienveillant, il sait parfaitement s\u2019adapter aux univers de ses diff\u00e9rents clients et r\u00e9pondre \u00e0 leurs attentes avec une offre totalement personnalis\u00e9e. De la premi\u00e8re prise de contact au jour J de votre \u00e9v\u00e9nement, DJ Djams reste votre unique interlocuteur, afin d\u2019imaginer avec vous \u00e9tape apr\u00e8s \u00e9tape un \u00e9v\u00e9nement d\u2019exception.<\/p><\/div>\r\n\t\t\t\t\t<\/div>\r\n\t\t\t<\/div>\r\n\t\t<\/div>\r\n\t<\/div>\r\n<\/div>\r\n<div id=\"sktbuilder-block-feature-hor-block-177\" class=\"skt-builder-block-wrapper sktbuilder-feature sktbuilder-block-feature_hor sktbuilder-block-feature_hor-177\" style=\"background-color: #886af8; background-image: url(); padding-bottom: 0px; padding-top: 28px; \">\r\n\t<div class=\"skt-builder-block-inner skt-builder-block-inner-177\" style=\"\">\r\n        <div class=\"skt-builder-container\">\r\n\t\t\t\t<div class=\"skt-builder-block-title\">\r\n\t\t\t\t\t<h2 style=\"color: #ffffff; text-align: center;\">Un large \u00e9ventail de prestations pointues<\/h2>\r\n\t\t\t\t<\/div>\r\n                <div class=\"skt-builder-block-description\"><p class=\"ql-align-center\"><br><\/p><\/div>\r\n        <\/div>\r\n        <div class=\"qb-container\">\r\n                    <div class=\"qb-column qb-1-2 qb-mobile-1-1\">\r\n                        <div class=\"sktbuilder-feature sktbuilder-feature_hor sktbuilder-feature_hor-179\">\r\n                        \t<style>\r\n                            \t.sktbuilder-feature_hor-179 .sktbuilder-feature__description_hor p{color: #ffffff;}\r\n\t\t\t\t\t\t\t\t.sktbuilder-feature_hor-179 .sktbuilder-feature__headertext_hor:hover,\r\n\t\t\t\t\t\t\t\t.sktbuilder-feature_hor-179 .sktbuilder-feature__headertext_hor a:hover{color: #282828 !important;}\r\n                            <\/style>\r\n                            <div class=\"sktbuilder-feature__item sktbuilder-feature__item_hor\" style=\"background-color: transparent; border-color: #ffffff;\">\r\n                                    <div class=\"sktbuilder-feature__icon sktbuilder-feature__icon_rounded sktbuilder-feature__icon_hor\" style=\"background-color: #ffffff\"><span class=\"sktbuilder-feature__iconel glyphicon glyphicon-headphones\" style=\"color: #282828;\"><\/span><\/div>\r\n                                <div class=\"sktbuilder-feature__wrap-content\">\r\n                                    <div class=\"sktbuilder-feature__itemheader sktbuilder-feature__itemheader_hor\">\r\n                                    \t<h4 class=\"sktbuilder-feature__headertext sktbuilder-feature__headertext_hor\" style=\"color: #ffffff;\">\r\n                                        \t<a href=\"#\" style=\"color: #ffffff;\" >Prestation DJ<\/a>\r\n                                        <\/h4>\r\n                                    <\/div>\r\n                                    <div class=\"sktbuilder-feature__description sktbuilder-feature__description_hor\" style=\"color: #ffffff;\"><p class=\"ql-align-justify\">Un DJ pro offre une ambiance festive avec une exp\u00e9rience musicale de qualit\u00e9. Il choisit les morceaux, utilise du mat\u00e9riel pro, anime le public, assure des transitions fluides, cr\u00e9e des playlists personnalis\u00e9es et coordonne avec d'autres prestataires.<\/p><\/div>\r\n                                <\/div>\r\n                            <\/div>\r\n                        <\/div>\r\n                    <\/div>\r\n                    \r\n                    <div class=\"qb-column qb-1-2 qb-mobile-1-1 qb-column-margin-none\">\r\n                        <div class=\"sktbuilder-feature sktbuilder-feature_hor sktbuilder-feature_hor-183\">\r\n                        \t<style>\r\n                            \t.sktbuilder-feature_hor-183 .sktbuilder-feature__description_hor p{color: #ffffff;}\r\n\t\t\t\t\t\t\t\t.sktbuilder-feature_hor-183 .sktbuilder-feature__headertext_hor:hover,\r\n\t\t\t\t\t\t\t\t.sktbuilder-feature_hor-183 .sktbuilder-feature__headertext_hor a:hover{color: #886 !important;}\r\n                            <\/style>\r\n                            <div class=\"sktbuilder-feature__item sktbuilder-feature__item_hor\" style=\"background-color: #886af8; border-color: #ffffff;\">\r\n                                    <div class=\"sktbuilder-feature__icon sktbuilder-feature__icon_rounded sktbuilder-feature__icon_hor\" style=\"background-color: #ffffff\"><span class=\"sktbuilder-feature__iconel glyphicon glyphicon-music\" style=\"color: #282828;\"><\/span><\/div>\r\n                                <div class=\"sktbuilder-feature__wrap-content\">\r\n                                    <div class=\"sktbuilder-feature__itemheader sktbuilder-feature__itemheader_hor\">\r\n                                    \t<h4 class=\"sktbuilder-feature__headertext sktbuilder-feature__headertext_hor\" style=\"color: #ffffff;\">\r\n                                        \t<a href=\"#\" style=\"color: #ffffff;\" >Sonorisation<\/a>\r\n                                        <\/h4>\r\n                                    <\/div>\r\n                                    <div class=\"sktbuilder-feature__description sktbuilder-feature__description_hor\" style=\"color: #ffffff;\"><p class=\"ql-align-justify\">Un DJ pro garantit une exp\u00e9rience sonore de qualit\u00e9 en contr\u00f4lant le syst\u00e8me audio adapt\u00e9 \u00e0 chaque \u00e9v\u00e9nement, avec une expertise sur les enceintes, micros, amplis et mixeurs pour une diffusion optimale et une ambiance immersive.<\/p><\/div>\r\n                                <\/div>\r\n                            <\/div>\r\n                        <\/div>\r\n                    <\/div>\r\n                    \r\n                    <div class=\"qb-column qb-1-2 qb-mobile-1-1\">\r\n                        <div class=\"sktbuilder-feature sktbuilder-feature_hor sktbuilder-feature_hor-186\">\r\n                        \t<style>\r\n                            \t.sktbuilder-feature_hor-186 .sktbuilder-feature__description_hor p{color: #ffffff;}\r\n\t\t\t\t\t\t\t\t.sktbuilder-feature_hor-186 .sktbuilder-feature__headertext_hor:hover,\r\n\t\t\t\t\t\t\t\t.sktbuilder-feature_hor-186 .sktbuilder-feature__headertext_hor a:hover{color: #282828 !important;}\r\n                            <\/style>\r\n                            <div class=\"sktbuilder-feature__item sktbuilder-feature__item_hor\" style=\"background-color: transparent; border-color: #ffffff;\">\r\n                                    <div class=\"sktbuilder-feature__icon sktbuilder-feature__icon_rounded sktbuilder-feature__icon_hor\" style=\"background-color: #ffffff\"><span class=\"sktbuilder-feature__iconel fa fa-lightbulb-o\" style=\"color: #282828;\"><\/span><\/div>\r\n                                <div class=\"sktbuilder-feature__wrap-content\">\r\n                                    <div class=\"sktbuilder-feature__itemheader sktbuilder-feature__itemheader_hor\">\r\n                                    \t<h4 class=\"sktbuilder-feature__headertext sktbuilder-feature__headertext_hor\" style=\"color: #ffffff;\">\r\n                                        \t<a href=\"#\" style=\"color: #ffffff;\" >Eclairage<\/a>\r\n                                        <\/h4>\r\n                                    <\/div>\r\n                                    <div class=\"sktbuilder-feature__description sktbuilder-feature__description_hor\" style=\"color: #ffffff;\"><p class=\"ql-align-justify\">Contr\u00f4l\u00e9 par un op\u00e9rateur, l'\u00e9clairage est synchronis\u00e9 avec la musique ou le th\u00e8me de l'\u00e9v\u00e9nement pour accentuer l'atmosph\u00e8re. L'utilisation de projecteurs et de jeux de lumi\u00e8re permet de valoriser la sc\u00e8ne ou la piste de danse.<\/p><\/div>\r\n                                <\/div>\r\n                            <\/div>\r\n                        <\/div>\r\n                    <\/div>\r\n                    \r\n                    <div class=\"qb-column qb-1-2 qb-mobile-1-1 qb-column-margin-none\">\r\n                        <div class=\"sktbuilder-feature sktbuilder-feature_hor sktbuilder-feature_hor-423\">\r\n                        \t<style>\r\n                            \t.sktbuilder-feature_hor-423 .sktbuilder-feature__description_hor p{color: #ffffff;}\r\n\t\t\t\t\t\t\t\t.sktbuilder-feature_hor-423 .sktbuilder-feature__headertext_hor:hover,\r\n\t\t\t\t\t\t\t\t.sktbuilder-feature_hor-423 .sktbuilder-feature__headertext_hor a:hover{color: #282828 !important;}\r\n                            <\/style>\r\n                            <div class=\"sktbuilder-feature__item sktbuilder-feature__item_hor\" style=\"background-color: transparent; border-color: #ffffff;\">\r\n                                    <div class=\"sktbuilder-feature__icon sktbuilder-feature__icon_rounded sktbuilder-feature__icon_hor\" style=\"background-color: #ffffff\"><span class=\"sktbuilder-feature__iconel fa fa-video-camera\" style=\"color: #282828;\"><\/span><\/div>\r\n                                <div class=\"sktbuilder-feature__wrap-content\">\r\n                                    <div class=\"sktbuilder-feature__itemheader sktbuilder-feature__itemheader_hor\">\r\n                                    \t<h4 class=\"sktbuilder-feature__headertext sktbuilder-feature__headertext_hor\" style=\"color: #ffffff;\">\r\n                                        \t<a href=\"#\" style=\"color: #ffffff;\" >Vid\u00e9o<\/a>\r\n                                        <\/h4>\r\n                                    <\/div>\r\n                                    <div class=\"sktbuilder-feature__description sktbuilder-feature__description_hor\" style=\"color: #ffffff;\"><p class=\"ql-align-justify\">La vid\u00e9o-projection peut \u00e9galement participer \u00e0 l'ambiance visuelle de votre \u00e9v\u00e9nement en permettant de diffuser des images ou des vid\u00e9os sur une surface \u00e0 l'aide d'un projecteur.<\/p><\/div>\r\n                                <\/div>\r\n                            <\/div>\r\n                        <\/div>\r\n                    <\/div>\r\n                     <div class=\"clearfix\"><\/div>\r\n                    <div class=\"qb-column qb-1-2 qb-mobile-1-1\">\r\n                        <div class=\"sktbuilder-feature sktbuilder-feature_hor sktbuilder-feature_hor-189\">\r\n                        \t<style>\r\n                            \t.sktbuilder-feature_hor-189 .sktbuilder-feature__description_hor p{color: #ffffff;}\r\n\t\t\t\t\t\t\t\t.sktbuilder-feature_hor-189 .sktbuilder-feature__headertext_hor:hover,\r\n\t\t\t\t\t\t\t\t.sktbuilder-feature_hor-189 .sktbuilder-feature__headertext_hor a:hover{color: #282828 !important;}\r\n                            <\/style>\r\n                            <div class=\"sktbuilder-feature__item sktbuilder-feature__item_hor\" style=\"background-color: transparent; border-color: #ffffff;\">\r\n                                    <div class=\"sktbuilder-feature__icon sktbuilder-feature__icon_rounded sktbuilder-feature__icon_hor\" style=\"background-color: #ffffff\"><span class=\"sktbuilder-feature__iconel glyphicon glyphicon-star\" style=\"color: #282828;\"><\/span><\/div>\r\n                                <div class=\"sktbuilder-feature__wrap-content\">\r\n                                    <div class=\"sktbuilder-feature__itemheader sktbuilder-feature__itemheader_hor\">\r\n                                    \t<h4 class=\"sktbuilder-feature__headertext sktbuilder-feature__headertext_hor\" style=\"color: #ffffff;\">\r\n                                        \t<a href=\"#\" style=\"color: #ffffff;\" >Show de danse<\/a>\r\n                                        <\/h4>\r\n                                    <\/div>\r\n                                    <div class=\"sktbuilder-feature__description sktbuilder-feature__description_hor\" style=\"color: #ffffff;\"><p class=\"ql-align-justify\">Assistez \u00e0 un spectacle impressionnant o\u00f9 l'art et l'\u00e9motion se rencontrent, orchestr\u00e9 avec perfection pour rendre vos \u00e9v\u00e9nements inoubliables.<\/p><\/div>\r\n                                <\/div>\r\n                            <\/div>\r\n                        <\/div>\r\n                    <\/div>\r\n                    \r\n                    <div class=\"qb-column qb-1-2 qb-mobile-1-1 qb-column-margin-none\">\r\n                        <div class=\"sktbuilder-feature sktbuilder-feature_hor sktbuilder-feature_hor-446\">\r\n                        \t<style>\r\n                            \t.sktbuilder-feature_hor-446 .sktbuilder-feature__description_hor p{color: #ffffff;}\r\n\t\t\t\t\t\t\t\t.sktbuilder-feature_hor-446 .sktbuilder-feature__headertext_hor:hover,\r\n\t\t\t\t\t\t\t\t.sktbuilder-feature_hor-446 .sktbuilder-feature__headertext_hor a:hover{color: #282828 !important;}\r\n                            <\/style>\r\n                            <div class=\"sktbuilder-feature__item sktbuilder-feature__item_hor\" style=\"background-color: transparent; border-color: #ffffff;\">\r\n                                    <div class=\"sktbuilder-feature__icon sktbuilder-feature__icon_rounded sktbuilder-feature__icon_hor\" style=\"background-color: #ffffff\"><span class=\"sktbuilder-feature__iconel glyphicon glyphicon-heart\" style=\"color: #282828;\"><\/span><\/div>\r\n                                <div class=\"sktbuilder-feature__wrap-content\">\r\n                                    <div class=\"sktbuilder-feature__itemheader sktbuilder-feature__itemheader_hor\">\r\n                                    \t<h4 class=\"sktbuilder-feature__headertext sktbuilder-feature__headertext_hor\" style=\"color: #ffffff;\">\r\n                                        \t<a href=\"#\" style=\"color: #ffffff;\" >Chor\u00e9graphie concept<\/a>\r\n                                        <\/h4>\r\n                                    <\/div>\r\n                                    <div class=\"sktbuilder-feature__description sktbuilder-feature__description_hor\" style=\"color: #ffffff;\"><p class=\"ql-align-justify\">Demandez une chor\u00e9graphie sur mesure pour vos \u00e9v\u00e9nements sp\u00e9ciaux ! De mariages \u00e0 flash mobs, nous cr\u00e9ons des routines de danse inoubliables, synchronis\u00e9es avec la musique pour une exp\u00e9rience m\u00e9morable.<\/p><\/div>\r\n                                <\/div>\r\n                            <\/div>\r\n                        <\/div>\r\n                    <\/div>\r\n                    \r\n        <\/div>\r\n\t<\/div>\r\n<\/div>\r\n<div id=\"skt-builder-image-text-block-459\" class=\"skt-builder-block-wrapper skt-builder-image-text-block skt-builder-image-text-block-459\" style=\"background-color: #ffffff; background-image: url(); padding-bottom: 0px; padding-top: 0px; \">\r\n\t<div class=\"skt-builder-block-inner skt-builder-block-inner-459\" style=\"\">\r\n\t\t<div class=\"skt-builder-container\">\r\n\t\t\t<div class=\"skt-builder-columns-row skt-builder-columns-row-2column\">\r\n\t\t\t\t\t<div class=\"skt-builder-column\">\r\n\t\t\t\t\t\t\t<div class=\"skt-builder-block-title\">\r\n\t\t\t\t\t\t\t\t<h2 style=\"color: #282828; text-align: left;\">Une vision unique de l&#x27;\u00e9v\u00e9nementiel<\/h2>\r\n\t\t\t\t\t\t\t<\/div>\r\n\t\t\t\t\t\t\t<div class=\"skt-builder-column-inner\"><p class=\"ql-align-justify\">Djams Events assure ses prestations en r\u00e9gion Auvergne Rh\u00f4ne Alpes, dans la France enti\u00e8re et \u00e0 l\u2019\u00e9tranger.<\/p><p class=\"ql-align-justify\">Au-del\u00e0 de la ma\u00eetrise technique que requi\u00e8rent ces prestations, le parcours de DJ Djams dans le milieu du spectacle vivant lui permet de se d\u00e9marquer de ses concurrents en s\u2019appuyant sur un r\u00e9seau d\u2019artistes talentueux pour ajouter d\u2019autres performances \u00e0 la carte.<\/p><p class=\"ql-align-justify\">Djams Events insuffle une nouvelle dimension \u00e0 l\u2019\u00e9v\u00e9nementiel en remettant le partage, l\u2019\u00e9nergie et la joie au c\u0153ur de chacune de vos c\u00e9l\u00e9brations. La conviction que la cl\u00e9 d\u2019un \u00e9v\u00e9nement r\u00e9ussi est de faire vibrer les personnes pr\u00e9sentes \u00e0 l\u2019unisson permet \u00e0 Djams Events de vous accompagner dans n\u2019importe quel projet, du match de rugby endiabl\u00e9 au mariage intimiste, avec la m\u00eame volont\u00e9 de faire rayonner votre \u00e9v\u00e9nement \u00e0 un niveau sup\u00e9rieur.<\/p><p><br><\/p><p class=\"ql-align-justify\"><br><\/p><\/div>\r\n\t\t\t\t\t<\/div>\r\n\t\t\t\t\t<div class=\"skt-builder-column\">\r\n\t\t\t\t\t\t\t<div class=\"skt-builder-column-inner\"><img decoding=\"async\" src=\"https:\/\/djamsevents.com\/wp-content\/uploads\/2024\/02\/IMG_9922-scaled.jpeg\"><\/div>\r\n\t\t\t\t\t<\/div>\r\n\t\t\t<\/div>\r\n\t\t<\/div>\r\n\t<\/div>\r\n<\/div>    <!-- sktbuilder starter --><script type=\"text\/javascript\" src=\"https:\/\/djamsevents.com\/wp-content\/plugins\/skt-builder\/sktbuilder\/sktbuilder-frontend-starter.js\"><\/script><script type=\"text\/javascript\" src=\"https:\/\/djamsevents.com\/wp-content\/plugins\/skt-builder\/sktbuilder-wordpress-driver.js\"><\/script><script type=\"text\/javascript\"> var starter = new SktbuilderStarter({\"mode\": \"prod\", \"skip\":[\"jquery\",\"underscore\",\"backbone\"],\"sktbuilderUrl\": \"https:\/\/djamsevents.com\/wp-content\/plugins\/skt-builder\/sktbuilder\/\", \"driver\": new SktbuilderWordpressDriver({\"ajaxUrl\": \"https:\/\/djamsevents.com\/wp-admin\/admin-ajax.php\", \"iframeUrl\": \"https:\/\/djamsevents.com\/index.php\/presentation\/?sktbuilder=true\", \"pageId\": 19, \"pages\": [{\"title\":\"Home\",\"url\":\"https:\\\/\\\/djamsevents.com\\\/wp-admin\\\/post.php?post=701&action=sktbuilder\"},{\"title\":\"PRESTATIONS\",\"url\":\"https:\\\/\\\/djamsevents.com\\\/wp-admin\\\/post.php?post=22&action=sktbuilder\"},{\"title\":\"GALERIE\",\"url\":\"https:\\\/\\\/djamsevents.com\\\/wp-admin\\\/post.php?post=24&action=sktbuilder\"},{\"title\":\"NOUS CONTACTER\",\"url\":\"https:\\\/\\\/djamsevents.com\\\/wp-admin\\\/post.php?post=32&action=sktbuilder\"}], \"page\": \"PR\u00c9SENTATION\" }) });<\/script><!-- end sktbuilder starter -->","protected":false},"excerpt":{"rendered":"<p>Un DJ cr\u00e9atif \u00e0 votre \u00e9coute En cr\u00e9ant Djams Events, DJ Djams s\u2019est donn\u00e9 la mission de transformer tous vos \u00e9v\u00e9nements priv\u00e9s ou professionnels en moments d\u2019exception, en vous proposant des prestations \u00e9l\u00e9gantes et originales sur mesure. Danseur professionnel, DJ et musicien depuis plus de vingt ans, cet artiste accompli met sa cr\u00e9ativit\u00e9 et sa<br \/><a class=\"moretag\" href=\"https:\/\/djamsevents.com\/index.php\/presentation\/\">+ Read More<\/a><\/p>\n","protected":false},"author":1,"featured_media":0,"parent":0,"menu_order":0,"comment_status":"closed","ping_status":"closed","template":"templates\/page-builder.php","meta":{"footnotes":""},"class_list":["post-19","page","type-page","status-publish","hentry"],"_links":{"self":[{"href":"https:\/\/djamsevents.com\/index.php\/wp-json\/wp\/v2\/pages\/19","targetHints":{"allow":["GET"]}}],"collection":[{"href":"https:\/\/djamsevents.com\/index.php\/wp-json\/wp\/v2\/pages"}],"about":[{"href":"https:\/\/djamsevents.com\/index.php\/wp-json\/wp\/v2\/types\/page"}],"author":[{"embeddable":true,"href":"https:\/\/djamsevents.com\/index.php\/wp-json\/wp\/v2\/users\/1"}],"replies":[{"embeddable":true,"href":"https:\/\/djamsevents.com\/index.php\/wp-json\/wp\/v2\/comments?post=19"}],"version-history":[{"count":52,"href":"https:\/\/djamsevents.com\/index.php\/wp-json\/wp\/v2\/pages\/19\/revisions"}],"predecessor-version":[{"id":3982,"href":"https:\/\/djamsevents.com\/index.php\/wp-json\/wp\/v2\/pages\/19\/revisions\/3982"}],"wp:attachment":[{"href":"https:\/\/djamsevents.com\/index.php\/wp-json\/wp\/v2\/media?parent=19"}],"curies":[{"name":"wp","href":"https:\/\/api.w.org\/{rel}","templated":true}]}}